{"id":5,"date":"2018-08-14T19:14:23","date_gmt":"2018-08-14T19:14:23","guid":{"rendered":"http:\/\/sabrina-schmitt.com\/?page_id=5"},"modified":"2026-02-14T16:48:52","modified_gmt":"2026-02-14T16:48:52","slug":"veroeffentlichungen","status":"publish","type":"page","link":"https:\/\/www.sabrina-schmitt.com\/?page_id=5","title":{"rendered":"Ausgew\u00e4hlte Ver\u00f6ffentlichungen"},"content":{"rendered":"\n<p><strong>Monographie<\/strong>: Schmitt, Sabrina (2022): Care-Praxis zwischen Prekarit\u00e4t und Chance: Eine empirische Studie \u00fcber die Rahmenbedingungen der Care-Praxis pflegender Angeh\u00f6riger in einer entgrenzten Gesellschaft. Weinheim: Beltz Juventa<\/p>\n\n\n\n<p>Sabrina Schmitt (2026): Pflegende Angeh\u00f6rige zwischen Erwerbst\u00e4tigkeit und Sorgearbeit: Empirische Einsichten und Impulse f\u00fcr die Bildungsarbeit. <em>forum erwachsenenbildung, 59<\/em>(1), 35-39. Online unter: <a href=\"https:\/\/comenius.de\/produkt\/forum-erwachsenenbildung-1-2026-stets-extra-zu-vereinbaren-das-berufs-und-familienleben\/\">https:\/\/comenius.de\/produkt\/forum-erwachsenenbildung-1-2026-stets-extra-zu-vereinbaren-das-berufs-und-familienleben\/<\/a><\/p>\n\n\n\n<p>Sabrina Schmitt (2025): Homo curans statt Homo academicus \u2013 Care als kritisch-normatives Prinzip in\u00a0sorgenden Hochschulen. Bl\u00e4tter der Wohlfahrtspflege H. 5, S. 163-165.<\/p>\n\n\n\n<p>Sabrina Schmitt (2024): Doing class im Seminarraum: Eine autoethnografische Perspektive auf Klassenherkunft in der Hochschullehre der Sozialen Arbeit. In: Klassismuskritik und Soziale Arbeit, Hrsg. Francis Seeck und Claudia Steckelberg. Weinheim: Beltz Juventa, S. 220-231. (Open Access)<\/p>\n\n\n\n<p>Sabrina Schmitt (2024): &#8222;Also Geld ist ein Problem. Also wenn man das nicht bezahlen kann&#8220; &#8211; Die Bedeutung sozialpolitischer Interventionen f\u00fcr die Lebenslage pflegender Angeh\u00f6riger. In: Soziale Interventionsforschung, Herausgegeben durch: Kompetenzzentrum Soziale Interventionsforschung (KomSI). Frankfurt\/Main<\/p>\n\n\n\n<p>Sabrina Schmitt zusammen mit Haag, Hanna; Reuter, Julia (2024): Auf dem Weg zum caring academic worker? Potentiale von Care f\u00fcr eine diverse(re) Hochschule. In: Care und Diversity aus intersektionaler Perspektive. Zeitschrift f\u00fcr Diversit\u00e4tsforschung und -management Heft 1\/ 2024<\/p>\n\n\n\n<p>Sabrina Schmitt zusammen mit Eck, Sandra; Grimm, Lea; Zillig, Ute (2023): Feminismen solidarisch verbinden. Autoethnografische Perspektiven auf die Fachtagung &#8222;Geschlechtliche Vielfalt in der frauen- und m\u00e4dchenspezifischen Sozialen Arbeit. In:\u00a0 <em>Bl\u00e4tter der Wohlfahrtspflege<\/em> (3)<\/p>\n\n\n\n<p>Schmitt, Sabrina (2023): Was ist eigentlich Frauenquote? In: Gender IQ Blog; Online unter: <a href=\"https:\/\/www.genderiq.de\/blog\/was-ist-eigentlich-frauenquote\">https:\/\/www.genderiq.de\/blog\/was-ist-eigentlich-frauenquote<\/a><\/p>\n\n\n\n<p>Schmitt, Sabrina (2023): &#8222;Also diese tollen Gesetze, die kannst du echt in der Pfeife rauchen&#8220; &#8211; Warum wir eine grundlegende Transformation politischer Rahmenbedingungen in der Angeh\u00f6rigenpflege brauchen. In: Stimme der Familie, Jg. 70; H. 2, S. 8-9.<\/p>\n\n\n\n<p>Schmitt, Sabrina (2023): &#8222;Greta-Effekt\u201c?! \u00dcberlegungen zur politischen Partizipation von M\u00e4dchen* aus einer Care-Perspektive. In: z.B. zum Beispiel, H. 1, S. 6\u20138. Online unter: <a href=\"https:\/\/issuu.com\/landsuedtirol-provinciabolzano\/docs\/1677834619_z.b._nr._1_2023\">https:\/\/issuu.com\/landsuedtirol-provinciabolzano\/docs\/1677834619_z.b._nr._1_2023<\/a><\/p>\n\n\n\n<p>Schmitt, Sabrina (2022) [online]: Care-Lagen \u2013 ein theoretisches Update f\u00fcr das sozialpolitische Konzept der Lebenslagen. In: sozialpolitikblog, Online unter: <a href=\"https:\/\/difis.org\/blog\/?blog=32\" data-type=\"URL\" data-id=\"https:\/\/difis.org\/blog\/?blog=32\">https:\/\/difis.org\/blog\/?blog=32<\/a><\/p>\n\n\n\n<p>Schmitt, Sabrina (2021): Wider der Verantwortungslosigkeit &#8211; \u00dcberlegungen zu Care und Gerechtigkeit. In: <em>Bl\u00e4tter der Wohlfahrtspflege<\/em>. 168 (6), S. 209\u20132011. DOI: 10.5771\/0340-8574-2021-6-209.<\/p>\n\n\n\n<p>Rerrich, Maria S.; Roller, Katrin; Schmitt, Sabrina (2020): (Un)Doing Family by Delegating Care? \u00dcber die Alltagspraxis der Versorgung \u00e4lterer Menschen in Privathaushalten. In: Karin Jurczyk (Hrsg.): Doing und Undoing Family: Konzeptionelle und empirische Weiterentwicklungen. Konzeptionelle und empirische Weiterentwicklungen. Weinheim: Beltz Juventa., S.274\u2013295.<\/p>\n\n\n\n<p>Rubin, Yvonne; Schmitt, Sabrina; St\u00f6ckinger, Maik (2020): Zur Prekarisierung von Care &#8211; Auswirkungen gesellschaftlicher Transformationsprozesse auf die \u00dcbernahme(-m\u00f6glichkeiten) sorgender T\u00e4tigkeiten f\u00fcr \u00e4ltere Personen. In: Wandel der Arbeitsgesellschaft, Hrsg. Claudia Steckelberg und Barbara Thiessen. Opladen: Budrich, S. 81\u201392<\/p>\n\n\n\n<p>Schmitt, Sabrina (2019): Care. Hg. v. Gender Glossar\/Gender Glossary. Online unter <a href=\"https:\/\/gender-glossar.de\/glossar\/item\/98-care\" target=\"_blank\" rel=\"noopener noreferrer\">https:\/\/gender-glossar.de\/glossar\/item\/98-care<\/a>, <\/p>\n\n\n\n<p>Schmitt, Sabrina (2019): Care-Praxis und Bew\u00e4ltigungslagen pflegender Angeh\u00f6riger \u2013 Analytische und anwendungsbezogene Perspektiven des Lebensbew\u00e4ltigungskonzepts. In: Gerd Stecklina und Jan Wienforth (Hg.): Lebensbew\u00e4ltigung &#8211; praktische Zug\u00e4nge. Weinheim: Beltz Juventa. <\/p>\n\n\n\n<p>Schmitt, Sabrina; Dieterich, Anja (2018): Migrant*innen ohne ausreichenden Zugang zum Gesundheitssystem: Neue Engp\u00e4sse und alte Probleme. In: Monika Alisch, Meredith Dale, Anja Dieterich, Raimund Geene, Thomas Gerlinger und Stefan Gre\u00df (Hg.): Die Kommune als Ort der Gesundheitsproduktion. Hamburg: Argument Verlag, S. 22\u201341.<\/p>\n\n\n\n<p>Schmitt, Sabrina; Mutz, Gerd; Erbe, Birgit (2018): Care Economies &#8211; Feminist Contributions and Debates in Economic Theory. In: <em>\u00d6sterreichische Zeitschrift f\u00fcr Soziologie <\/em>43 (1), S. 7\u201318. DOI: 10.1007\/s11614-018-0282-1 <span><a href=\"javascript:\"><img decoding=\"async\" identifier=\"10.1007\/s11614-018-0282-1\" identifiertype=\"1\" title=\"Titel anhand dieser DOI in Citavi-Projekt \u00fcbernehmen\" existsinproject=\"0\" class=\"citavipicker\" style=\"border: 0px none!important;width: 16px!important;height: 16px!important;margin-left:1px !important;margin-right:1px !important;\" src=\"data:image\/svg+xml;base64,PD94bWwgdmVyc2lvbj0iMS4wIiBlbmNvZGluZz0idXRmLTgiPz48IURPQ1RZUEUgc3ZnIFBVQkxJQyAiLS8vVzNDLy9EVEQgU1ZHIDEuMS8vRU4iICJodHRwOi8vd3d3LnczLm9yZy9HcmFwaGljcy9TVkcvMS4xL0RURC9zdmcxMS5kdGQiPjxzdmcgdmVyc2lvbj0iMS4xIiBpZD0iRWJlbmVfMSIgeG1sbnM9Imh0dHA6Ly93d3cudzMub3JnLzIwMDAvc3ZnIiB4bWxuczp4bGluaz0iaHR0cDovL3d3dy53My5vcmcvMTk5OS94bGluayIgeD0iMHB4IiB5PSIwcHgiIHdpZHRoPSIxNnB4IiBoZWlnaHQ9IjE2cHgiIHZpZXdCb3g9IjAgMCAxNiAxNiIgZW5hYmxlLWJhY2tncm91bmQ9Im5ldyAwIDAgMTYgMTYiIHhtbDpzcGFjZT0icHJlc2VydmUiPjxnPjxnPjxwYXRoIGZpbGw9IiNGRkZGRkYiIGQ9Ik04LjAwMSwxNS41QzMuODY0LDE1LjUsMC41LDEyLjEzNiwwLjUsOGMwLTQuMTM1LDMuMzY1LTcuNSw3LjUwMS03LjVTMTUuNSwzLjg2NCwxNS41LDhTMTIuMTM3LDE1LjUsOC4wMDEsMTUuNXoiLz48cGF0aCBmaWxsPSIjRDUyQjFFIiBkPSJNOC4wMDEsMUMxMS44NiwxLDE1LDQuMTQxLDE1LDhzLTMuMTM5LDctNi45OTksN0M0LjE0LDE1LDEsMTEuODU5LDEsOFM0LjE0LDEsOC4wMDEsMSBNOC4wMDEsMEMzLjU4MiwwLDAsMy41ODIsMCw4czMuNTgyLDgsOC4wMDEsOEMxMi40MTgsMTYsMTYsMTIuNDE4LDE2LDhTMTIuNDE4LDAsOC4wMDEsMEw4LjAwMSwweiIvPjwvZz48cGF0aCBmaWxsPSIjRDUyQjFFIiBkPSJNNi43NDUsMTIuNTg5Yy0wLjIyNywwLjEyMi0wLjQ5NywwLjI0Ny0wLjY4NCwwLjI0N2MtMC4zMTgsMC0wLjUwMS0wLjE2NC0wLjUwMS0wLjQ1MmMwLTAuMjA3LDAuMTQtMC4zNzUsMC41OTUtMC42MjJjMS41NDktMC45MDQsMi41OTQtMi4yNzIsMi41OTQtMy43MjFjMC0wLjgyNS0wLjIyNy0xLjExOS0wLjY4MS0xLjExOWMtMC4xMzUsMC0wLjMyLDAuMjE5LTAuNjM2LDAuMjE5SDcuMTU3QzYuMTAyLDcuMTQzLDUuMzMzLDYuMjY0LDUuMzMzLDUuMjNjMC0xLjE1MiwwLjk1OC0yLjAwNiwyLjI4LTIuMDA2YzEuNzc3LDAsMy4wNTMsMS4zNzMsMy4wNTMsMy40M0MxMC42NjYsOS4yMTUsOS4yMDMsMTEuMjcsNi43NDUsMTIuNTg5Ii8+PC9nPjwvc3ZnPg\"><\/a><\/span> <span><a href=\"javascript:\"><img decoding=\"async\" title=\"Titel anhand dieser DOI in Citavi-Projekt \u00fcbernehmen\" class=\"citavipicker10.1007\/s11614-018-0282-1\" style=\"border: 0px none; width: 16px; height: 16px !important; margin-left: 1px !important; margin-right: 1px !important;\" src=\"data:image\/png;base64,iVBORw0KGgoAAAANSUhEUgAAABgAAAAYCAYAAADgdz34AAAAGXRFWHRTb2Z0d2FyZQBBZG9iZSBJbWFnZVJlYWR5ccllPAAAAfxJREFUeNq8Vj9IAlEcflpCEJZLBP3jaoqsMbAmKRCadLDmWpuqKWiIxian2lTIMYecIsG4rahZ+jPkkRmRZKVIoMX1Pn3vML3nnYV98JC7+\/2+7\/fu937faSFNkHSO+OiPly43XVLdY4Uuma6YM3l\/JOKwCIhBGAZph72H2Oc9xDYwTLqnXZXnxctzUn5Mk0IiTr4KeS62QoVkYgRKHqBLvfXMqq9Hh6oREINY5CDXiDyMwMzWhvqZf1fNArHIYSLhppU\/7wV0CfKJE\/XlIKgWL86EQsjV3QneOa+8HiC8dk3yxMrCNQT1ULMTt9ZkepGyDQ5JY9FjgqbW4mZmijeyAYjvGp\/4cQ+xd\/4FUs48KLTpo1Z2FKW+1fUGcp4gQna\/safgABc4wW3FOcdNh9dPWkXhNK57H1ysWC8E3DjnIrBqWgbjdHdiKxgiscAasc95KtWiqhIdsFwkZCjAOCUIaBMqAhpZ20wzAuDM0l8r+QPqT5AerNxbftNYh3dRGMc5IaDAuMwiFwlqx7HXJz55jFOBgAxXNEce0irr39zWnRttp1VOGQIxDNNbLGpI\/rS7U301tPJmcwMuNqAx7kUpWK6eg5YyaVVZXtJ8SM8M642R2XfKlNlxciQ1c1KR2Rna9cdVUuicpu36Xz447fpktv2jb2n335ZvAQYAI5DQtfG6U0gAAAAASUVORK5CYII=\"><\/a><\/span>.<\/p>\n\n\n\n<p>Schmitt, Sabrina (2018): Care-Lagen. Impulse und Potentiale einer Care-theoretischen Perspektivierung des Lebenslagenkonzepts. In: <em>Soziologiemagazin <\/em>(3), S. 39\u201356., Online unter: <a href=\"https:\/\/soziologieblog.hypotheses.org\/files\/2018\/02\/Care-Care-Lagen.pdf\" target=\"_blank\" rel=\"noreferrer noopener\" aria-label=\" (\u00f6ffnet in neuem Tab)\">https:\/\/soziologieblog.hypotheses.org\/files\/2018\/02\/Care-Care-Lagen.pdf<\/a><\/p>\n\n\n\n<p>Erbe, Birgit; Schmitt, Sabrina (2015): Gender-Report Bayern. Gutachten zur Gleichstellungssituation an bayerischen Hochschulen. M\u00fcnchen. Hg. v. Frauenakademie M\u00fcnchen e.V. Online unter <a href=\"https:\/\/www.frauenakademie.de\/images\/pdf\/Gender-Report-Bayern_FAM-Gutachten_2016.pdf\" target=\"_blank\" rel=\"noreferrer noopener\" aria-label=\" (\u00f6ffnet in neuem Tab)\">https:\/\/www.frauenakademie.de\/images\/pdf\/Gender-Report-Bayern_FAM-Gutachten_2016.pdf<\/a><\/p>\n\n\n\n<p><\/p>\n\n\n\n<blockquote class=\"wp-block-quote is-layout-flow wp-block-quote-is-layout-flow\">\n<p><\/p>\n<\/blockquote>\n\n\n\n<p><\/p>\n","protected":false},"excerpt":{"rendered":"<p>Monographie: Schmitt, Sabrina (2022): Care-Praxis zwischen Prekarit\u00e4t und Chance: Eine empirische Studie \u00fcber die Rahmenbedingungen der Care-Praxis pflegender Angeh\u00f6riger in einer entgrenzten Gesellschaft. Weinheim: Beltz Juventa Sabrina Schmitt (2026): Pflegende Angeh\u00f6rige zwischen Erwerbst\u00e4tigkeit und Sorgearbeit: Empirische Einsichten und Impulse f\u00fcr die Bildungsarbeit. forum erwachsenenbildung, 59(1), 35-39. Online unter: https:\/\/comenius.de\/produkt\/forum-erwachsenenbildung-1-2026-stets-extra-zu-vereinbaren-das-berufs-und-familienleben\/ Sabrina Schmitt (2025): Homo curans statt &hellip; <\/p>\n<p class=\"link-more\"><a href=\"https:\/\/www.sabrina-schmitt.com\/?page_id=5\" class=\"more-link\"><span class=\"screen-reader-text\">\u201eAusgew\u00e4hlte Ver\u00f6ffentlichungen\u201c <\/span>weiterlesen<\/a><\/p>\n","protected":false},"author":1,"featured_media":0,"parent":0,"menu_order":0,"comment_status":"closed","ping_status":"closed","template":"","meta":{"footnotes":""},"class_list":["post-5","page","type-page","status-publish","hentry"],"_links":{"self":[{"href":"https:\/\/www.sabrina-schmitt.com\/index.php?rest_route=\/wp\/v2\/pages\/5","targetHints":{"allow":["GET"]}}],"collection":[{"href":"https:\/\/www.sabrina-schmitt.com\/index.php?rest_route=\/wp\/v2\/pages"}],"about":[{"href":"https:\/\/www.sabrina-schmitt.com\/index.php?rest_route=\/wp\/v2\/types\/page"}],"author":[{"embeddable":true,"href":"https:\/\/www.sabrina-schmitt.com\/index.php?rest_route=\/wp\/v2\/users\/1"}],"replies":[{"embeddable":true,"href":"https:\/\/www.sabrina-schmitt.com\/index.php?rest_route=%2Fwp%2Fv2%2Fcomments&post=5"}],"version-history":[{"count":35,"href":"https:\/\/www.sabrina-schmitt.com\/index.php?rest_route=\/wp\/v2\/pages\/5\/revisions"}],"predecessor-version":[{"id":407,"href":"https:\/\/www.sabrina-schmitt.com\/index.php?rest_route=\/wp\/v2\/pages\/5\/revisions\/407"}],"wp:attachment":[{"href":"https:\/\/www.sabrina-schmitt.com\/index.php?rest_route=%2Fwp%2Fv2%2Fmedia&parent=5"}],"curies":[{"name":"wp","href":"https:\/\/api.w.org\/{rel}","templated":true}]}}