{"id":80,"date":"2019-11-30T17:24:14","date_gmt":"2019-11-30T17:24:14","guid":{"rendered":"http:\/\/www.sabrina-schmitt.com\/?page_id=80"},"modified":"2024-12-01T15:49:42","modified_gmt":"2024-12-01T15:49:42","slug":"links","status":"publish","type":"page","link":"https:\/\/www.sabrina-schmitt.com\/?page_id=80","title":{"rendered":"Hilfreiche Links"},"content":{"rendered":"\n<p>Care<\/p>\n\n\n\n<ul class=\"wp-block-list\">\n<li> Initiative Care Macht Mehr: <a href=\"https:\/\/care-macht-mehr.com\/\">https:\/\/care-macht-mehr.com\/<\/a><\/li>\n\n\n\n<li> Equal Care Day: <a href=\"https:\/\/equalcareday.de\/\">https:\/\/equalcareday.de\/<\/a><\/li>\n\n\n\n<li> Care Revolution: <a href=\"https:\/\/care-revolution.org\/\">https:\/\/care-revolution.org\/<\/a><\/li>\n<\/ul>\n\n\n\n<p>Geschlechterforschung<\/p>\n\n\n\n<ul class=\"wp-block-list\">\n<li>Netzwerk Genderforschung\/Gleichstellungspraxis: <a href=\"https:\/\/www.negg-bayern.de\/\">https:\/\/www.negg-bayern.de\/<\/a><\/li>\n\n\n\n<li>Forum Gender Studies Bayern: <a href=\"https:\/\/forumgenderstudiesbayern.info\/\">https:\/\/forumgenderstudiesbayern.info\/<\/a><\/li>\n\n\n\n<li>Gender Glossar: <a href=\"https:\/\/gender-glossar.de\/\">https:\/\/gender-glossar.de\/<\/a><\/li>\n\n\n\n<li>Deutsche Gesellschaft f\u00fcr Soziale Arbeit &#8211; Sektion Gender und Queer Studies in der Sozialen Arbeit <a href=\"https:\/\/www.dgsa.de\/sektionen\/gender-und-queer-studies-in-der-sozialen-arbeit\">https:\/\/www.dgsa.de\/sektionen\/gender-und-queer-studies-in-der-sozialen-arbeit<\/a><\/li>\n<\/ul>\n\n\n\n<p>Organisationen und Netzwerke<\/p>\n\n\n\n<ul class=\"wp-block-list\">\n<li>\u00c4rzte der Welt e.V. humanit\u00e4re Hilfsorganisation:  <a aria-label=\"https:\/\/www.aerztederwelt.org\/  (\u00f6ffnet in neuem Tab)\" href=\"https:\/\/www.aerztederwelt.org\/\" target=\"_blank\" rel=\"noreferrer noopener\">https:\/\/www.aerztederwelt.org\/ <\/a><\/li>\n\n\n\n<li>Frauenakademie e.V. au\u00dferuniversit\u00e4res Forschungsinstitut:  <a href=\"https:\/\/www.frauenakademie.de\/\">https:\/\/w<\/a><a aria-label=\"ww.frauenakademie.de\/ (\u00f6ffnet in neuem Tab)\" href=\"https:\/\/www.frauenakademie.de\/\" target=\"_blank\" rel=\"noreferrer noopener\">ww.frauenakademie.de\/<\/a><\/li>\n\n\n\n<li>Studieren als Arbeiterkind: <a aria-label=\"https:\/\/www.arbeiterkind.de\/  (\u00f6ffnet in neuem Tab)\" href=\"https:\/\/www.arbeiterkind.de\/\" target=\"_blank\" rel=\"noreferrer noopener\">https:\/\/www.arbeiterkind.de\/ <\/a><\/li>\n\n\n\n<li>Siaf e.V. Tr\u00e4gerverein f\u00fcr Frauenprojekt ein M\u00fcnchen: <a href=\"https:\/\/siaf.de\/\">ht<\/a><a aria-label=\"tps:\/\/siaf.de\/ (\u00f6ffnet in neuem Tab)\" href=\"https:\/\/siaf.de\/\" target=\"_blank\" rel=\"noreferrer noopener\">tps:\/\/siaf.de\/<\/a><\/li>\n\n\n\n<li>Frauen*beirat Berlin Mitte <a href=\"https:\/\/www.berlin.de\/ba-mitte\/politik-und-verwaltung\/gremien\/frauenbeirat\/\">https:\/\/www.berlin.de\/ba-mitte\/politik-und-verwaltung\/gremien\/frauenbeirat\/<\/a> <\/li>\n<\/ul>\n\n\n\n<figure class=\"wp-block-image\"><img loading=\"lazy\" decoding=\"async\" width=\"795\" height=\"1060\" src=\"https:\/\/www.sabrina-schmitt.com\/wp-content\/uploads\/2019\/12\/Tag_der_unsichtbaren_Arbeit_Birgit_Erbe.jpg\" alt=\"\" class=\"wp-image-107\" srcset=\"https:\/\/www.sabrina-schmitt.com\/wp-content\/uploads\/2019\/12\/Tag_der_unsichtbaren_Arbeit_Birgit_Erbe.jpg 795w, https:\/\/www.sabrina-schmitt.com\/wp-content\/uploads\/2019\/12\/Tag_der_unsichtbaren_Arbeit_Birgit_Erbe-225x300.jpg 225w, https:\/\/www.sabrina-schmitt.com\/wp-content\/uploads\/2019\/12\/Tag_der_unsichtbaren_Arbeit_Birgit_Erbe-768x1024.jpg 768w\" sizes=\"auto, (max-width: 706px) 89vw, (max-width: 767px) 82vw, 740px\" \/><\/figure>\n","protected":false},"excerpt":{"rendered":"<p>Care Geschlechterforschung Organisationen und Netzwerke<\/p>\n","protected":false},"author":1,"featured_media":0,"parent":0,"menu_order":0,"comment_status":"closed","ping_status":"closed","template":"","meta":{"footnotes":""},"class_list":["post-80","page","type-page","status-publish","hentry"],"_links":{"self":[{"href":"https:\/\/www.sabrina-schmitt.com\/index.php?rest_route=\/wp\/v2\/pages\/80","targetHints":{"allow":["GET"]}}],"collection":[{"href":"https:\/\/www.sabrina-schmitt.com\/index.php?rest_route=\/wp\/v2\/pages"}],"about":[{"href":"https:\/\/www.sabrina-schmitt.com\/index.php?rest_route=\/wp\/v2\/types\/page"}],"author":[{"embeddable":true,"href":"https:\/\/www.sabrina-schmitt.com\/index.php?rest_route=\/wp\/v2\/users\/1"}],"replies":[{"embeddable":true,"href":"https:\/\/www.sabrina-schmitt.com\/index.php?rest_route=%2Fwp%2Fv2%2Fcomments&post=80"}],"version-history":[{"count":9,"href":"https:\/\/www.sabrina-schmitt.com\/index.php?rest_route=\/wp\/v2\/pages\/80\/revisions"}],"predecessor-version":[{"id":396,"href":"https:\/\/www.sabrina-schmitt.com\/index.php?rest_route=\/wp\/v2\/pages\/80\/revisions\/396"}],"wp:attachment":[{"href":"https:\/\/www.sabrina-schmitt.com\/index.php?rest_route=%2Fwp%2Fv2%2Fmedia&parent=80"}],"curies":[{"name":"wp","href":"https:\/\/api.w.org\/{rel}","templated":true}]}}